{"version":"1.0","provider_name":"Kazetariak","provider_url":"https:\/\/kazetariak.eus\/eu\/","author_name":"info@kazetariak.eus","author_url":"https:\/\/kazetariak.eus\/eu\/author\/infokazetariak-eus\/","title":"Maiatzak 3 | Prentsa Askatasunaren Nazioarteko Eguna - Kazetariak","type":"rich","width":600,"height":338,"html":"<blockquote class=\"wp-embedded-content\" data-secret=\"kGa2NOZ56A\"><a href=\"https:\/\/kazetariak.eus\/eu\/maiatzak-3-prentsa-askatasunaren-nazioarteko-eguna\/\">Maiatzak 3 | Prentsa Askatasunaren Nazioarteko Eguna<\/a><\/blockquote><iframe sandbox=\"allow-scripts\" security=\"restricted\" src=\"https:\/\/kazetariak.eus\/eu\/maiatzak-3-prentsa-askatasunaren-nazioarteko-eguna\/embed\/#?secret=kGa2NOZ56A\" width=\"600\" height=\"338\" title=\"&#8220;Maiatzak 3 | Prentsa Askatasunaren Nazioarteko Eguna&#8221; &#8212; Kazetariak\" data-secret=\"kGa2NOZ56A\" frameborder=\"0\" marginwidth=\"0\" marginheight=\"0\" scrolling=\"no\" class=\"wp-embedded-content\"><\/iframe><script>\n\/*! This file is auto-generated *\/\n!function(d,l){\"use strict\";l.querySelector&&d.addEventListener&&\"undefined\"!=typeof URL&&(d.wp=d.wp||{},d.wp.receiveEmbedMessage||(d.wp.receiveEmbedMessage=function(e){var t=e.data;if((t||t.secret||t.message||t.value)&&!\/[^a-zA-Z0-9]\/.test(t.secret)){for(var s,r,n,a=l.querySelectorAll('iframe[data-secret=\"'+t.secret+'\"]'),o=l.querySelectorAll('blockquote[data-secret=\"'+t.secret+'\"]'),c=new RegExp(\"^https?:$\",\"i\"),i=0;i<o.length;i++)o[i].style.display=\"none\";for(i=0;i<a.length;i++)s=a[i],e.source===s.contentWindow&&(s.removeAttribute(\"style\"),\"height\"===t.message?(1e3<(r=parseInt(t.value,10))?r=1e3:~~r<200&&(r=200),s.height=r):\"link\"===t.message&&(r=new URL(s.getAttribute(\"src\")),n=new URL(t.value),c.test(n.protocol))&&n.host===r.host&&l.activeElement===s&&(d.top.location.href=t.value))}},d.addEventListener(\"message\",d.wp.receiveEmbedMessage,!1),l.addEventListener(\"DOMContentLoaded\",function(){for(var e,t,s=l.querySelectorAll(\"iframe.wp-embedded-content\"),r=0;r<s.length;r++)(t=(e=s[r]).getAttribute(\"data-secret\"))||(t=Math.random().toString(36).substring(2,12),e.src+=\"#?secret=\"+t,e.setAttribute(\"data-secret\",t)),e.contentWindow.postMessage({message:\"ready\",secret:t},\"*\")},!1)))}(window,document);\n\/\/# sourceURL=https:\/\/kazetariak.eus\/wp-includes\/js\/wp-embed.min.js\n<\/script>\n","thumbnail_url":"https:\/\/kazetariak.eus\/wp-content\/uploads\/2022\/05\/KartelaEUSCAS-scaled.jpg","thumbnail_width":1810,"thumbnail_height":2560,"description":"Gaur ospatzen ari garen Prentsa Askatasunaren Nazioarteko Eguna dela eta, gure lankideen prentsa askatasunaren definizioak bildu ditugu. Con motivo del D\u00eda Internacional de la Libertad de Prensa que celebramos hoy, hemos recopilado lo que es para compa\u00f1eros y compa\u00f1eras la Libertad de Prensa. &#8220;\u00bfLibertad de Prensa? para no ser marionetas de nadie, para vivir sin ... Read more"}

Gaur ospatzen ari garen Prentsa Askatasunaren Nazioarteko Eguna dela eta, gure lankideen prentsa askatasunaren definizioak bildu ditugu. Con motivo del Día Internacional de la Libertad de Prensa que celebramos hoy, hemos recopilado lo que es para compañeros y compañeras la Libertad de Prensa. &#8220;¿Libertad de Prensa? para no ser marionetas de nadie, para vivir sin ... Read more
